et x be (2 - 7)*4/10*-2. Let a(y) be the second derivative of 7*y**3/6 - 58*y. Calculate a(x).
28
Let h(q) be the second derivative of -q**5/20 + q**4/3 - 2*q**3/3 - 5*q**2/2 - q. Let j be 12/20 + (-34)/(-10). Determine h(j).
-21
Suppose 271 = -2*y + 6*y + 5*b, -2*b = -5*y + 314. Let x(g) = 2 - 5*g**2 - y*g**3 + 66*g**3 - 1 + 4*g - 4. Calculate x(3).
18
Let l(w) = 11*w**2 - 11*w. Let h(b) = -6*b**2 + 5*b. Let c(q) = -13*h(q) - 6*l(q). Let g = 15 + -16. Calculate c(g).
11
Let t(x) = -3*x + 41. Let j be t(12). Suppose 0 = -3*a - 2*b - 11, -3*a - j*b - 11 = 3. Let s(g) = -g**3 - g**2 + 2*g - 4. What is s(a)?
8
Let p(y) = y**2 + 9*y + 9. Let s = 8 + 3. Let j = -18 + s. Let u be p(j). Let o(f) = -f**3 - 6*f**2 - 6*f + 4. Calculate o(u).
9
Let m be 16/18 - 2870/(-315). Let j(s) = s**2 - 7*s - 11. What is j(m)?
19
Suppose 21*d - 40 = 14 + 30. Let q(f) = -5 - 2*f + 7*f + 1 - f**2. Calculate q(d).
0
Let v(n) = 2*n**3 - 33*n**2 - 56*n + 23. Let d be v(18). Let h(j) = -j**3 - 13*j**2 - 3*j - 8. What is h(d)?
31
Let l(x) = 4 + 2*x + 2 - 3*x. Suppose -46 = 5*h - 2*b, -b + 3 + 0 = 0. Let r(t) = 9*t + 78. Let m be r(h). Give l(m).
0
Let o = 1 - -6. Let r(t) = -410*t + 25. Let c be r(-3). Let j(n) = c*n + 7 - n**3 + 0*n**3 - 1249*n + 6*n**2. What is j(o)?
0
Let l = 4 + 0. Let g(k) = -k - 5. Let w(r) = -r - 5. Let i(s) = -4*g(s) + 5*w(s). Determine i(l).
-9
Let x(q) = -2*q**2 + 5*q. Let a = -165 - -169. Let z = -5 + 18. Suppose -a*c + m = -z, -5*m = -9 - 6. What is x(c)?
-12
Let a(s) = -2*s**2 - 9*s - 7. Let k be 3*(-9)/81 + (-34)/6. Calculate a(k).
-25
Let k(p) = 2*p**3 + 19*p**2 + 11*p - 27. Let x(f) = 3*f**3 + 28*f**2 + 17*f - 39. Let b(g) = 7*k(g) - 5*x(g). What is b(-5)?
-4
Let m(a) = a**3 - a**2 - 3*a + 1. Let d be m(0). Let r(z) = -7*z**2 + 3*z - 7*z**2 - 1 - z. Give r(d).
-13
Let m(k) = -5*k - 1. Let u = 106 + -59. Let w = u + -45. Calculate m(w).
-11
Suppose -4*s + l = -11, 4 + 2 = -3*s - 4*l. Let u be -2 + (s - 0) + 3. Let g(k) = k**3 - 2*k**2 - 5*k + 2. Give g(u).
-4
Let c(f) = -f**3 - 10*f**2 - 10*f - 11. Let x(l) = -30*l - 69. Let q be x(-2). What is c(q)?
-2
Let w(a) be the second derivative of -a**3/2 + 5*a**2/2 + 2*a. Let u = 17 - -11. Suppose -14*g - u = -21*g. What is w(g)?
-7
Let u = 4 + -7. Let p(v) = 7*v + 1. Let y(l) = -24*l - 3. Let m(w) = -18*p(w) - 5*y(w). Determine m(u).
15
Let q(f) = -f**2. Let r be q(3). Let m = r - -13. Suppose -l + 2*l - m = -v, 3*l = v + 12. Let h(o) = -o**3 + o**2 + o + 2. Give h(v).
2
Let h(s) be the third derivative of s**4/24 - 3*s**3/2 - 91*s**2. Calculate h(-10).
-19
Let n(s) = 3*s**2 - 11*s + 1. Let l(m) = m**2 - m + 1. Let b(a) = -5*l(a) + n(a). Give b(-4).
-12
Let v(n) = -n**2 - 5*n - 1. Suppose 4*i = 5*u - 120, -5*u + i = 2*i - 120. Suppose 16 = t + 5*x, x = -t + 6*t + u. Determine v(t).
3
Let r = 2271 - 2290. Let k(o) = o**2 + 18*o + 3. What is k(r)?
22
Let p(g) be the first derivative of g**3/3 - 7*g**2/2 + 5*g + 115. Give p(6).
-1
Suppose -4*o + 96 = -3*d + 91, 0 = -5*d - 15. Let m(x) = 8*x**2 - 2. What is m(o)?
6
Let t(c) be the second derivative of c**5/20 + 5*c**4/12 - 2*c**3/3 + 9*c**2/2 - 6*c. Let f be t(-6). Let v(d) = 2*d**2 + 2*d - 4. Give v(f).
8
Let g(z) = -z**2 - 7*z. Let d = -8 + 2. Determine g(d).
6
Suppose 182*n = 180*n - 18. Let z(r) = r**3 + 9*r**2 - r - 4. Determine z(n).
5
Let o(s) = 4*s**2 - 3*s + 2. Suppose 42 = -5*g - 3*y + 6*y, -3*g + 4*y - 34 = 0. Let v(f) = -f**3 - 7*f**2 - 9*f - 16. Let d be v(g). What is o(d)?
12
Let b = 25 - 21. Suppose -b*a + 12 = -4. Let s(x) = 4*x + 4. Give s(a).
20
Let a(w) = w**3 - 5*w**2 + 3*w + 2. Let o be a(4). Let i(f) be the first derivative of f**2 + f - 66. Calculate i(o).
-3
Let f(j) = -2*j**2 - 3*j + 4. Let s = -56 + 60. Suppose 2*m - 6 = 4*r + 4, -4*m + 4*r + s = 0. Calculate f(m).
-5
Let p(y) = -y**3 - 7*y**2 - 4*y - 1. Suppose 0 = -2*r + 4 - 2. Let u(k) = k**3 + k**2 - k + 1. Let o(i) = r*p(i) + 2*u(i). Suppose -5 + 11 = j. Determine o(j).
1
Let o be (-15)/(-21) + 8/28. Let q be (10 - 14) + 7*o. Let b(l) = 3*l**q + 5 - 3 - 6*l**2 + 3*l**3 - 5*l**3 - 6*l. Give b(7).
9
Let i(r) = r**2 + 5*r + 2. Let f(u) = u - 2. Let c be f(-1). Let b(h) = h + 4. Let l be b(-4). Let g = c - l. Determine i(g).
-4
Let h(b) = 4*b**2. Let y = 591 + -589. Calculate h(y).
16
Let n(p) = p**3 - 11*p**2 - 13*p + 17. Suppose 40 + 32 = 6*f. Let x be n(f). Let o(c) = x*c**2 + 3 - 6*c + 2*c**2 + 3*c**3 - 4*c**3. Calculate o(6).
3
Let c(o) = -30*o - 5. Let j(v) = 68*v + 11. Let l(x) = -9*c(x) - 4*j(x). Let t be 10*((-6)/4)/(-3). Calculate l(t).
-9
Let h(t) = t - 2. Let c be (5/10)/(2/(-68)). Let o = 28 + c. Suppose o + 5 = 4*w. Give h(w).
2
Suppose -79 = 7*i - 100. Let f(l) be the second derivative of -7*l + 0 + 1/6*l**i - 3/2*l**2 + 5/12*l**4 - 1/20*l**5. Calculate f(5).
2
Let l = 0 + 0. Let c(k) = 0 - 5 - 2*k + l. Suppose -p + 5*m = -20, -5*p - 4 = 3*m + 36. Calculate c(p).
5
Let h(g) = 2*g - 9 - 10 + 14. Suppose -4*q + 23 = -5*i, 21 + 13 = 2*q + 2*i. Suppose w = -w + q. What is h(w)?
7
Suppose 4*n + 44 = 6*n + 3*d, -4*d = 3*n - 68. Let l be ((-12)/7)/((-4)/n). Let a(z) = -z**2 + 4*z + l - 5*z - 7. Give a(0).
5
Suppose -4*f = -h - 10, -2*h = 2*h + 5*f - 44. Let q(g) be the second derivative of -g**5/20 + 5*g**4/12 + g**3 - 3*g**2/2 + 4*g - 2. Calculate q(h).
-3
Suppose -3*o + 16 = -38. Let w = o - 11. Let q(l) = -6*l**2 + w*l + l**3 - 3*l + 0*l + 2*l - 1. What is q(5)?
4
Let b(q) be the second derivative of q**4/12 + 2*q**3/3 + 5*q**2/2 - 84*q. Calculate b(-5).
10
Let s(o) = -o. Let w(i) = 5*i + 10. Let t(k) = 4*s(k) + w(k). Suppose 2*l - 20 = 5*d, 47*d - 12 = -5*l + 50*d. Determine t(l).
10
Let k(p) = -p**2 + 3*p + 1. Let h be 4/8*-4 + 31. Suppose 13 = -4*r + h. Determine k(r).
-3
Let d be (3/6)/((-1)/(-6)). Let k(i) = i - 2 - 3*i + d*i. Suppose -21*c = -13*c - c + 21. Give k(c).
-5
Let p(x) be the third derivative of x**6/120 - x**5/20 + x**3/2 - 2*x**2 - 234*x. Calculate p(3).
3
Suppose 14*i - 16*i - 8 = 0. Let n(q) = q + 9. What is n(i)?
5
Let f(z) be the second derivative of z**5/20 - 5*z**4/12 + z**3 - z**2/2 - 5*z - 11. What is f(4)?
7
Let y(l) = l**2 + 2*l + 4. Let r = -175 + 175. Determine y(r).
4
Let t(f) = f**2 - 11*f + 19. Let m be t(9). Let u(j) = 1 - m + 3*j**3 + 2 + 2*j - 1. Suppose 2*y + 1 = -5*k, -3*k + 2 + 5 = 5*y. Calculate u(k).
-4
Let t(c) be the third derivative of -c**4/12 + 3*c**3/2 - 82*c**2. Suppose 20 = 4*f - 16. Suppose -2*y - 9 = 4*m - f*m, 3*m = -5*y + 55. Give t(y).
-7
Let r(l) be the third derivative of l**6/30 - l**5/30 + l**4/12 + l**3/6 - 19*l**2. Let y(k) = -5*k**3 + k**2 - k - 2. Let b(w) = 4*r(w) + 3*y(w). Give b(4).
2
Suppose r = -2*r - 12. Let k(j) = -47*j**2 - j + 5 - 49*j**2 + 143*j**2 - 48*j**2. Give k(r).
-7
Let i(a) = a + 1. Let s(y) = 2*y**2 + y + 1. Let v be s(-1). Suppose 5*w - 5*l = -v*l - 47, 0 = 2*w + 2*l + 6. Let r = -2 - w. Determine i(r).
6
Let k(c) = c**2 + c + 8. Let l = -16 - -14. Let w be 0/(2 + l + -1). Calculate k(w).
8
Suppose 0 = -3*g + 80 - 71. Let w(f) = -f**3 + 2*f**2 + 3. Give w(g).
-6
Let q(r) = -4*r - 5. Let f = -266 - -272. Calculate q(f).
-29
Let g be ((-8)/12 - 0)*45/6. Let w(v) = 3*v**3 - 2*v**2 + 6*v - 1. Let l(i) = -2*i**3 + 2*i**2 - 5*i + 1. Let o(j) = g*l(j) - 4*w(j). Determine o(-2).
5
Let l(k) = k**2 - 8*k + 7. Suppose -20 = z - 6*z. Suppose 28 - 4 = z*c. Let b be l(c). Let r(p) = 2*p + 4. Give r(b).
-6
Let m(c) = -7*c + 1. Let a(r) = -r. Let t(p) = 6*a(p) - m(p). Suppose 462*l - 245 = 427*l. Calculate t(l).
6
Let l(c) = -c + 6. Let k(a) = a - 1. Let i be -4 - 1/(-1)*1 - -2. Let r(t) = i*l(t) - 4*k(t). What is r(-4)?
10
Let w(t) = -2*t + 6. Let g = 489 - 481. Give w(g).
-10
Let m be (-24)/(-132) + 105/(-33). Suppose 12 = -2*l + 5*l. Let d(i) = -6 + 4 - l*i + 5*i. Calculate d(m).
-5
Let n(v) be the second derivative of -23*v + 1/6*v**3 + v**2 + 0. Give n(-4).
-2
Let m(k) = 7*k + 9. Let z(r) = 14*r + 23. Let s(p) = 5*m(p) - 2*z(p). Let x(a) = a**3 + 3*a**2 - 3*a + 5. Let g be x(-4). Determine s(g).
6
Let l(h) be the third derivative of 4/3*h**3 - 5*h**2 + 1/24*h**4 + 0*h + 0. Determine l(-6).
2
Let x be -2 - 2/(1 + -3) - -18. Suppose 4*f + x = -5*i - 11, 0 = 3*i. Let a(o) = -o**3 - 6*o**2 + 4*o - 4. Give a(f).
17
Let y be (-162 - -171)*4/6. Let w(c) = c**3 - 5*c**2 - 9*c + 14. Determine w(y)